pose 4*k = 40 + 32. What is the remainder when 52 is divided by k?
16
Suppose 10 = 11*m - 10*m. What is the remainder when 17 is divided by m?
7
Suppose -5*g + 28 = -3*g. Calculate the remainder when 40 is divided by g.
12
Suppose h - 13 = 9. Calculate the remainder when 86 is divided by h.
20
Suppose s + 0*s = 25. Let r(g) = 3*g - 6. What is the remainder when s is divided by r(5)?
7
Let g be (-1 - 2 - -5)*-27. Let y be (-1*1)/(9/g). What is the remainder when (4/(-8))/((-1)/y) is divided by 2?
1
Let g = 32 - 19. Suppose 2*u + 0*v - 47 = -3*v, -v + 74 = 3*u. What is the remainder when u is divided by g?
12
Suppose x + 2*x - 48 = 0. Calculate the remainder when x is divided by 9.
7
Suppose 2*k = 5*d - d + 512, -3*d = k - 231. Suppose -5*a - 21 = -k. Calculate the remainder when a is divided by 16.
13
Calculate the remainder when 3 - ((-100)/2 - -2) is divided by 19.
13
Suppose -r - 34 - 14 = 0. Let g = -16 - r. Calculate the remainder when g is divided by 17.
15
Let c(h) = 5*h**3 - 11*h**2 + 4*h + 7. What is the remainder when c(4) is divided by 21?
20
Let z(x) = -x**3 + 5*x**2 - 2*x + 3. Let j(n) = -8*n - 8. Calculate the remainder when j(-5) is divided by z(2).
10
Suppose 0 = -0*q + 2*q - 46. Calculate the remainder when q is divided by 12.
11
Suppose -2*z + 4 = n + z, 4*n = -2*z + 16. Suppose -n*p - 5 = -3*p. Let v = 49 - p. Calculate the remainder when v is divided by 14.
12
Suppose 2*j - 7 = -g, 0 = -4*j - 4*g - 0*g + 4. Suppose 4*w - 44 = -0*w. What is the remainder when w is divided by j?
5
Suppose 2*u - 107 = u. What is the remainder when u is divided by 27?
26
Let a = 98 + -65. Calculate the remainder when a is divided by 12.
9
Let i = 180 + -93. What is the remainder when i is divided by 18?
15
Let g(f) = 19*f + 21. Let j(m) = -10*m - 11. Let k(t) = -4*g(t) - 7*j(t). What is the remainder when 44 is divided by k(-5)?
21
Suppose -u - 13 = -4*o - 2*u, -o + 1 = -2*u. Suppose k + 8 = o*k. Calculate the remainder when 6 is divided by k.
2
Suppose -36 = m - 4*m - 3*j, 0 = 3*j - 12. Calculate the remainder when 15 is divided by m.
7
Let s be 5/20 - (-15)/4. Let q = 14 - s. Calculate the remainder when q is divided by (-12)/(-18)*(6 + 0).
2
Suppose 0 = s - 5*w + 4, -4*s + w + 28 = -2*s. Calculate the remainder when (-2)/(2/(-31)) - 2 is divided by s.
13
Let c = -23 - 2. Let r = c - -44. Calculate the remainder when r is divided by 7.
5
Let h(r) = -r**2 + 18*r + 16. What is the remainder when 34 is divided by h(18)?
2
Let r(q) = 11*q + 6. Calculate the remainder when ((-18)/(-4))/(2/36) is divided by r(2).
25
Let z = 10 + -16. Let m = z + 49. Calculate the remainder when m is divided by 15.
13
Suppose -2*u + 5*u = 3. Let t = 73 + -68. What is the remainder when ((-6)/8)/(u/(-24)) is divided by t?
3
Let z(p) = 4*p**3 - 4*p + 5. What is the remainder when 57 is divided by z(2)?
28
Let c(i) = i**2 - 6*i - 4. Let m be c(4). What is the remainder when 6/((-2 - -2) + 1) is divided by (3 + 1)/(m/(-6))?
0
Suppose -3 = q, -2*p = 3*p + 4*q - 213. Suppose -o + 2*i + 12 = i, 4*o = -3*i + 76. What is the remainder when p is divided by o?
13
Let f(d) = -d**3 - 4*d**2 - d + 4. Let u = 4 + -8. Suppose -36 = -5*m + 79. Calculate the remainder when m is divided by f(u).
7
Let i(j) = -j - 10. Let z be i(-5). Let r = -1 + 1. Let g = r - z. Calculate the remainder when g is divided by 3.
2
Let x(g) = 3*g - 12. Calculate the remainder when 7 is divided by x(5).
1
Let j(a) = 4*a**2 + 2*a - 2. What is the remainder when (-90)/(-4)*8/10 is divided by j(-2)?
8
Let d(c) = c**2 - 4*c - 40. What is the remainder when d(-12) is divided by 26?
22
Let c = 67 - 42. What is the remainder when c is divided by 9?
7
Let z(u) = 13*u**3 - 28*u**2 + 25*u + 29. Let v(q) = -3*q**3 + 7*q**2 - 6*q - 7. Let d(r) = 9*v(r) + 2*z(r). What is the remainder when 13 is divided by d(6)?
6
Let w be (-3)/(-1) - (0 + -1). Let j be (w/(-12))/((-1)/69). Suppose -2*m + 27 = u - j, -4*u = -4*m - 248. What is the remainder when u is divided by 20?
18
Suppose -75 = 5*b - 25. Suppose 0*a = -5*a + 145. What is the remainder when a is divided by 0 + (0 - b/1)?
9
Suppose -10*m + 39 = -7*m. Calculate the remainder when 62 is divided by m.
10
Let r(b) = 7*b**3 + b**2 - 2*b + 1. Let c = -14 - -34. Let h = c - 8. Calculate the remainder when h is divided by r(1).
5
Suppose -u + 720 = -5*q, 2*q - 7*q = 3*u + 740. Let i = q + 224. Calculate the remainder when i is divided by 20.
19
Let z be 1*(-1)/2*-4. Let a = 24 - z. What is the remainder when 42 is divided by a?
20
Let f = 2 - -5. Let a(u) = -u**3 + 7*u**2 + 2*u. Calculate the remainder when a(f) is divided by 4.
2
Let m(r) = -18*r + 3. Let a = -365 - -380. Calculate the remainder when m(-3) is divided by a.
12
Let g(h) = -48*h + 3. What is the remainder when g(-2) is divided by 20?
19
Suppose -12 = -3*f + 2*f. What is the remainder when f is divided by 7?
5
Let s(d) = 11*d - 3. What is the remainder when s(2) is divided by 10?
9
Suppose -5*w + 0*m - 3*m + 54 = 0, 2*m = -4. Calculate the remainder when 31 is divided by w.
7
Suppose 3*t + 6 = 3*q, 0 = -4*t - q - 0*q + 17. Calculate the remainder when 32 is divided by 5 + 2 + 1 + t.
10
Let f be (-2)/4*1*0. Let h = -17 - -20. Suppose f = 3*x, 5*x = h*o + x - 75. What is the remainder when o is divided by 14?
11
Suppose n = 3, -17 = -3*q - 4*n + 70. What is the remainder when 97 is divided by q?
22
What is the remainder when 28 is divided by 183/12 - (-8)/((-96)/(-9))?
12
Suppose -4*s = -31 + 23. Calculate the remainder when 9 is divided by s.
1
What is the remainder when 37 is divided by 14 + (-1)/(2 + -1)?
11
Let a = -38 - -65. Let q(w) = -w**3 + w + 14. Suppose 0*x - 2*x = 0. What is the remainder when a is divided by q(x)?
13
Let r = -15 + 19. Calculate the remainder when 9 is divided by r.
1
Let v(a) = -2*a**2 + 0*a**2 + 4*a**2 - 2 + 0*a**2 + 2*a. Calculate the remainder when 1 + (0 - 2 - -43) is divided by v(3).
20
Suppose -2 = 2*x - 3*x. What is the remainder when 5 is divided by x?
1
Suppose -7*v + 2*v = -35. Suppose 12 = -t + 3*a, -3*t - 23 - 43 = a. Let r = t - -34. What is the remainder when r is divided by v?
6
Suppose 13*u - 6*u = 161. Calculate the remainder when (-2)/(-6) - 262/(-6) is divided by u.
21
Suppose 0 = k + 2*a + 10, a + 8 = 2*k + 3. Suppose 2*q + 3*l - 14 = 0, 4*q + l + 0*l - 38 = k. What is the remainder when 39 is divided by q?
9
Let v = 351 + -242. Suppose 5*c + 0*d = d + v, -4*c = d - 89. What is the remainder when c is divided by 12?
10
Let y(g) = g**3 - g**2. Let d be y(0). Suppose 4*j + d*j = o + 5, -j - 3*o + 11 = 0. Suppose 5*r - j*r = 3. Calculate the remainder when r is divided by 1.
0
Let v(i) = i**3 - 10*i**2 + 2*i + 6. Calculate the remainder when v(10) is divided by 7.
5
Let w be (-58)/(-4)*6/3. Suppose -w - 29 = -2*x. What is the remainder when x is divided by 6/(-15) + 52/5?
9
Let b(l) = 4*l**2 - 6*l + 6. Suppose -4*a - 150 = -7*a. Suppose 2*q + a = 4*p, 2*p + 4*q - 22 = 2*q. What is the remainder when b(4) is divided by p?
10
Suppose 0 = 5*p - 3*k - 5, 5*p + 0*k = 4*k. Suppose p*o = -12, -2*g + 5*o - 10 = -183. What is the remainder when g is divided by 20?
19
Let r be (-6)/9*(-63)/6. Let a(k) = -k**2 + 7*k + 6. Let x be a(r). What is the remainder when 30 is divided by ((-33)/9)/((-2)/x)?
8
Suppose -1 + 26 = 5*p. Calculate the remainder when p is divided by 3.
2
Let x(a) = -2*a - 7. Let h be x(-6). Suppose -l + h*r - 17 = 0, r - 5*r = -5*l + 20. What is the remainder when 14 is divided by l?
6
Let j(h) be the first derivative of 4*h**4 + h - 1. Let p = -4 - -5. What is the remainder when j(p) is divided by 9?
8
Suppose 0 = -7*p + 2*p. Suppose 3*u - t - 49 = p, -2*t - 2*t = -4*u + 76. Calculate the remainder when (-5 + 2)*44/(-3) is divided by u.
14
Let f(q) = 16*q + 4. Let p be -9*(-2 - (-5)/3). What is the remainder when f(p) is divided by (-159)/(-9) - (-2)/6?
16
Suppose -2 + 1 = -s. What is the remainder when 3 is divided by s?
0
Let a = -17 - -21. Suppose 3*o = -y - y + 152, -8 = a*y. Calculate the remainder when o is divided by 14.
10
Suppose h + 258 = 3*d, -3*h = 5*d - h - 430. Suppose -59 = -5*v + d. Calculate the remainder when v is divided by 16.
13
What is the remainder when 189 is divided by -9*1/(-3)*(1 + 3)?
9
Suppose 45 = 6*n - 2*n + s, 2*s = -2*n +